divide 416343265?
False
Is 154 a factor of 950522804?
True
Does 37 divide 658464541?
False
Is 112 a factor of 3049497?
False
Does 70 divide 20348758?
False
Is 1533 a factor of 1236678635?
False
Does 293 divide 46141410?
False
Is 26675928 a multiple of 13?
False
Is 504 a factor of 33037704?
True
Is 2972547344 a multiple of 151?
True
Is 60 a factor of 126049797?
False
Is 74 a factor of 417881509?
False
Is 38024645 a multiple of 476?
False
Is 13051831 a multiple of 11?
False
Is 881832231 a multiple of 47?
False
Is 2291850609 a multiple of 18?
False
Is 81 a factor of 282024990?
True
Is 923 a factor of 42758?
False
Does 6 divide 12261270?
True
Does 74 divide 447469978?
False
Does 1778 divide 27308302?
True
Is 1425749701 a multiple of 1316?
False
Is 41 a factor of 28945590?
True
Is 426430813 a multiple of 35?
False
Is 2486817 a multiple of 9?
True
Does 57 divide 379887307?
False
Is 151823154 a multiple of 22?
False
Is 77 a factor of 696282801?
False
Does 280 divide 3927560?
True
Is 241373235 a multiple of 71?
False
Does 210 divide 13525176?
False
Is 1319 a factor of 37684808?
False
Is 283 a factor of 984001754?
True
Is 21326908 a multiple of 310?
False
Is 11816471 a multiple of 241?
True
Does 17 divide 40255830?
True
Does 13 divide 701652861?
True
Is 18220527 a multiple of 9?
True
Is 684 a factor of 180306504?
True
Is 1977 a factor of 237833100?
True
Is 363 a factor of 45278188?
False
Does 52 divide 5194024805?
False
Does 1452 divide 235642176?
True
Does 679 divide 45969416?
False
Does 63 divide 7103829231?
False
Is 13777920 a multiple of 780?
True
Is 373574394 a multiple of 310?
False
Is 15301259 a multiple of 67?
True
Does 28 divide 82137624?
False
Is 257 a factor of 55292522?
True
Is 5 a factor of 47770290?
True
Is 10 a factor of 53768997?
False
Is 508 a factor of 40401748?
True
Is 23 a factor of 35497016?
False
Is 39 a factor of 727173525?
True
Does 1020 divide 26502660?
True
Is 114 a factor of 77009166?
True
Is 6519810 a multiple of 66?
True
Is 441 a factor of 42568665?
False
Is 558 a factor of 712793610?
False
Is 647360 a multiple of 64?
True
Is 2180 a factor of 42737439?
False
Is 179837085 a multiple of 19?
False
Is 16681182 a multiple of 21?
True
Is 3 a factor of 13237137?
True
Is 746 a factor of 12825232?
True
Does 306 divide 44957178?
False
Is 17 a factor of 409377408?
True
Is 19369863 a multiple of 15?
False
Is 2195 a factor of 58336515?
True
Is 9 a factor of 541596215?
False
Does 1441 divide 5681863?
True
Is 20 a factor of 3551709?
False
Is 20273149 a multiple of 5?
False
Does 2116 divide 1232650408?
True
Is 3808 a factor of 210764947?
False
Is 40693380 a multiple of 70?
True
Is 10 a factor of 161012378?
False
Is 169 a factor of 128625393?
True
Is 13747950 a multiple of 167?
False
Does 22 divide 125538127?
False
Is 121422534 a multiple of 17?
True
Is 24 a factor of 110046317?
False
Does 11 divide 124060816?
True
Does 142 divide 139264337?
False
Does 897 divide 7745595?
True
Is 38 a factor of 27015491?
False
Is 85 a factor of 907519272?
False
Is 115942689 a multiple of 2089?
False
Does 4 divide 2690128?
True
Does 19 divide 5214113?
True
Does 110 divide 30753068?
False
Does 647 divide 627566061?
True
Is 3 a factor of 1334687310?
True
Does 2105 divide 113295310?
True
Does 3265 divide 163041040?
True
Does 27 divide 44136151?
False
Is 2422073 a multiple of 7?
False
Does 13821 divide 4934358347?
False
Does 42 divide 812596599?
False
Is 296246676 a multiple of 157?
False
Is 56 a factor of 5339550?
False
Is 263 a factor of 465956096?
False
Is 771979268 a multiple of 8?
False
Is 20 a factor of 145917724?
False
Is 131 a factor of 97773082?
False
Is 145156873 a multiple of 143?
False
Is 3899 a factor of 1792783217?
False
Is 7 a factor of 5046887?
False
Is 926570410 a multiple of 230?
True
Does 17 divide 118626136?
True
Is 329 a factor of 121354811?
False
Is 36 a factor of 278976010?
False
Is 426926640 a multiple of 5108?
True
Does 284 divide 85935139?
False
Is 12 a factor of 7565586?
False
Is 51851763 a multiple of 39?
False
Is 2379 a factor of 98303426?
False
Does 82 divide 556852709?
False
Is 1107 a factor of 837649188?
True
Is 1252 a factor of 142979515?
False
Is 13 a factor of 1186397831?
False
Is 3294 a factor of 22942710?
True
Is 356170642 a multiple of 431?
True
Is 46617482 a multiple of 683?
True
Does 245 divide 67966336?
False
Does 1366 divide 32359610?
False
Is 39466916 a multiple of 6?
False
Does 42 divide 21168176?
False
Is 213945903 a multiple of 4855?
False
Is 11 a factor of 3789775?
True
Does 38 divide 31688562?
False
Does 28 divide 150059616?
True
Is 109 a factor of 121248167?
False
Does 2162 divide 25488025?
False
Does 22 divide 1064550234?
True
Is 1669936940 a multiple of 93?
False
Does 4004 divide 579002424?
True
Is 15 a factor of 1285333094?
False
Does 14 divide 941751824?
False
Does 420 divide 9594060?
True
Is 1909 a factor of 128315344?
True
Is 267 a factor of 789455988?
True
Is 1505407380 a multiple of 15?
True
Does 165 divide 12689204?
False
Does 38 divide 2213477732?
True
Is 482 a factor of 35300156?
False
Is 23804885 a multiple of 3?
False
Is 83325616 a multiple of 20?
False
Does 213 divide 148616689?
False
Is 16359032 a multiple of 148?
True
Does 877 divide 90774762?
True
Does 145 divide 283381824?
False
Is 399080935 a multiple of 389?
True
Does 602 divide 6787987?
False
Is 35 a factor of 18902077?
False
Does 11 divide 102035395?
True
Is 432 a factor of 21106720?
False
Does 13975 divide 3140661507?
False
Is 964866783 a multiple of 83?
True
Is 570 a factor of 14837155?
False
Is 2104 a factor of 127633225?
False
Is 58639527 a multiple of 111?
False
Is 4070452 even?
True
Is 998288 a multiple of 56?
False
Is 730758195 a multiple of 3035?
True
Does 101 divide 4283732190?
True
Does 2774 divide 86515512?
True
Does 1214 divide 786899018?
True
Is 12871123 a multiple of 88?
False
Does 13 divide 70774007?
False
Is 8144020 a multiple of 1409?
True
Is 1915411520 a multiple of 704?
True
Is 97 a factor of 14157068?
False
Is 13 a factor of 652693678?
True
Does 31 divide 756674446?
False
Is 22581659 a multiple of 132?
False
Is 26 a factor of 28352870?
True
Does 757 divide 44975641?
True
Is 431883351 a multiple of 9951?
True
Is 155 a factor of 25169552?
False
Does 2973 divide 126220918?
False
Is 7190950 a multiple of 65?
True
Is 337 a factor of 196283291?
True
Is 125 a factor of 404354330?
False
Is 3347771 a multiple of 7?
True
Does 320 divide 70080900?
False
Is 4157861559 a multiple of 37?
False
Is 186 a factor of 1374805794?
True
Is 203 a factor of 93762083?
False
Is 22 a factor of 122537514?
True
Is 115 a factor of 24581331?
False
Is 4846 a factor of 1063294782?
True
Is 194 a factor of 111000764?
False
Is 227565154 a multiple of 36?
False
Is 33104700 a multiple of 201?
True
Does 7 divide 78494115?
True
Does 23 divide 240424681?
True
Is 85263751 a multiple of 3?
False
Does 237 divide 12227630?
False
Is 150704847 a multiple of 33?
False
Is 74942074 a multiple of 502?
True
Does 26 divide 5881726?
False
Is 25332066 a multiple of 13?
False
Is 1160992 a multiple of 32?
True
Does 6793 divide 2185002415?
True
Is 21337343 a multiple of 4?
False
Is 8552 a factor of 2880219528?
True
Does 1139 divide 955388644?
True
Is 98909778 a multiple of 3334?
True
Is 7183028807 a multiple of 38?
False
Does 5019 divide 999644268?
True
Does 9 divide 50864027?
False
Does 6 divide 844524201?
False
Does 122 divide 17445024?
True
Does 290 divide 13356530?
True
Is 61 a factor of 60670230?
False
Does 11 divide 62531821?
True
Does 2095 divide 35215408?
False
Is 31 a factor of 18043023?
True
Is 42 a factor of 144560304?
True
Does 23 divide 151905133?
True
Is 34 a factor of 964073?
False
Is 204 a factor of 480486300?
True
Does 10 divide 143250609?
False
Is 11 a factor of 153173960?
False
Does 267 divide 27183960?
False
Is 1655129867 a multiple of 227?
True
Is 22 a factor of 358295445?
False
Is 6635 a factor of 2073047990?
False
Is 1292055544 a multiple of 46?
True
Is 25864398 a multiple of 6?
True
Does 833 divide 561123859?
False
Does 163 divide 6708754?
True
Does 1518 divide 602769827?
False
Is 91 a factor of 1160670511?
True
Does 7 divide 19217592?
False
Is 87 a factor of 8210103?
True
Does 259 divide 400859480?
True
Is 263713757 a multiple of 14?
False
Is 187 a f